{"version":"1.0","provider_name":"Zeitgeist? Frei!","provider_url":"https:\/\/www.inkultura-online.de\/politisch_unkorrekt","author_name":"Orator","author_url":"https:\/\/www.inkultura-online.de\/politisch_unkorrekt\/author\/1korrektor21-2\/","title":"Die Leere der Vernetzung - Zeitgeist? Frei!","type":"rich","width":600,"height":338,"html":"<blockquote class=\"wp-embedded-content\" data-secret=\"ob3vKqsJwS\"><a href=\"https:\/\/www.inkultura-online.de\/politisch_unkorrekt\/die-leere-der-vernetzung\/\">Die Leere der Vernetzung<\/a><\/blockquote><iframe sandbox=\"allow-scripts\" security=\"restricted\" src=\"https:\/\/www.inkultura-online.de\/politisch_unkorrekt\/die-leere-der-vernetzung\/embed\/#?secret=ob3vKqsJwS\" width=\"600\" height=\"338\" title=\"&#8222;Die Leere der Vernetzung&#8220; &#8211; Zeitgeist? Frei!\" data-secret=\"ob3vKqsJwS\" frameborder=\"0\" marginwidth=\"0\" marginheight=\"0\" scrolling=\"no\" class=\"wp-embedded-content\"><\/iframe><script type=\"text\/javascript\">\n\/* <![CDATA[ *\/\n\/*! This file is auto-generated *\/\n!function(d,l){\"use strict\";l.querySelector&&d.addEventListener&&\"undefined\"!=typeof URL&&(d.wp=d.wp||{},d.wp.receiveEmbedMessage||(d.wp.receiveEmbedMessage=function(e){var t=e.data;if((t||t.secret||t.message||t.value)&&!\/[^a-zA-Z0-9]\/.test(t.secret)){for(var s,r,n,a=l.querySelectorAll('iframe[data-secret=\"'+t.secret+'\"]'),o=l.querySelectorAll('blockquote[data-secret=\"'+t.secret+'\"]'),c=new RegExp(\"^https?:$\",\"i\"),i=0;i<o.length;i++)o[i].style.display=\"none\";for(i=0;i<a.length;i++)s=a[i],e.source===s.contentWindow&&(s.removeAttribute(\"style\"),\"height\"===t.message?(1e3<(r=parseInt(t.value,10))?r=1e3:~~r<200&&(r=200),s.height=r):\"link\"===t.message&&(r=new URL(s.getAttribute(\"src\")),n=new URL(t.value),c.test(n.protocol))&&n.host===r.host&&l.activeElement===s&&(d.top.location.href=t.value))}},d.addEventListener(\"message\",d.wp.receiveEmbedMessage,!1),l.addEventListener(\"DOMContentLoaded\",function(){for(var e,t,s=l.querySelectorAll(\"iframe.wp-embedded-content\"),r=0;r<s.length;r++)(t=(e=s[r]).getAttribute(\"data-secret\"))||(t=Math.random().toString(36).substring(2,12),e.src+=\"#?secret=\"+t,e.setAttribute(\"data-secret\",t)),e.contentWindow.postMessage({message:\"ready\",secret:t},\"*\")},!1)))}(window,document);\n\/\/# sourceURL=https:\/\/www.inkultura-online.de\/politisch_unkorrekt\/wp-includes\/js\/wp-embed.min.js\n\/* ]]> *\/\n<\/script>\n","description":"\u00dcber Einsamkeit und virtuelle Freundschaften Es geh\u00f6rt zu den gro\u00dfen Ironien unserer Zeit, dass wir inmitten einer Flut von Verbindungen mental zu verdursten scheinen. Der Bildschirm leuchtet, das Smartphone vibriert, eine endlose Kette von Benachrichtigungen gaukelt uns Wichtigkeit und Zugeh\u00f6rigkeit &hellip; Weiterlesen &rarr;"}

Über Einsamkeit und virtuelle Freundschaften Es gehört zu den großen Ironien unserer Zeit, dass wir inmitten einer Flut von Verbindungen mental zu verdursten scheinen. Der Bildschirm leuchtet, das Smartphone vibriert, eine endlose Kette von Benachrichtigungen gaukelt uns Wichtigkeit und Zugehörigkeit &hellip; Weiterlesen &rarr;
