{"version":"1.0","provider_name":"Zeitgeist? Frei!","provider_url":"https:\/\/www.inkultura-online.de\/politisch_unkorrekt","author_name":"Orator","author_url":"https:\/\/www.inkultura-online.de\/politisch_unkorrekt\/author\/1korrektor21-2\/","title":"Viel Rauch um Nichts - Zeitgeist? Frei!","type":"rich","width":600,"height":338,"html":"<blockquote class=\"wp-embedded-content\" data-secret=\"NiLJuiep9M\"><a href=\"https:\/\/www.inkultura-online.de\/politisch_unkorrekt\/viel-rauch-um-nichts\/\">Viel Rauch um Nichts<\/a><\/blockquote><iframe sandbox=\"allow-scripts\" security=\"restricted\" src=\"https:\/\/www.inkultura-online.de\/politisch_unkorrekt\/viel-rauch-um-nichts\/embed\/#?secret=NiLJuiep9M\" width=\"600\" height=\"338\" title=\"&#8222;Viel Rauch um Nichts&#8220; &#8211; Zeitgeist? Frei!\" data-secret=\"NiLJuiep9M\" frameborder=\"0\" marginwidth=\"0\" marginheight=\"0\" scrolling=\"no\" class=\"wp-embedded-content\"><\/iframe><script type=\"text\/javascript\">\n\/* <![CDATA[ *\/\n\/*! This file is auto-generated *\/\n!function(d,l){\"use strict\";l.querySelector&&d.addEventListener&&\"undefined\"!=typeof URL&&(d.wp=d.wp||{},d.wp.receiveEmbedMessage||(d.wp.receiveEmbedMessage=function(e){var t=e.data;if((t||t.secret||t.message||t.value)&&!\/[^a-zA-Z0-9]\/.test(t.secret)){for(var s,r,n,a=l.querySelectorAll('iframe[data-secret=\"'+t.secret+'\"]'),o=l.querySelectorAll('blockquote[data-secret=\"'+t.secret+'\"]'),c=new RegExp(\"^https?:$\",\"i\"),i=0;i<o.length;i++)o[i].style.display=\"none\";for(i=0;i<a.length;i++)s=a[i],e.source===s.contentWindow&&(s.removeAttribute(\"style\"),\"height\"===t.message?(1e3<(r=parseInt(t.value,10))?r=1e3:~~r<200&&(r=200),s.height=r):\"link\"===t.message&&(r=new URL(s.getAttribute(\"src\")),n=new URL(t.value),c.test(n.protocol))&&n.host===r.host&&l.activeElement===s&&(d.top.location.href=t.value))}},d.addEventListener(\"message\",d.wp.receiveEmbedMessage,!1),l.addEventListener(\"DOMContentLoaded\",function(){for(var e,t,s=l.querySelectorAll(\"iframe.wp-embedded-content\"),r=0;r<s.length;r++)(t=(e=s[r]).getAttribute(\"data-secret\"))||(t=Math.random().toString(36).substring(2,12),e.src+=\"#?secret=\"+t,e.setAttribute(\"data-secret\",t)),e.contentWindow.postMessage({message:\"ready\",secret:t},\"*\")},!1)))}(window,document);\n\/\/# sourceURL=https:\/\/www.inkultura-online.de\/politisch_unkorrekt\/wp-includes\/js\/wp-embed.min.js\n\/* ]]> *\/\n<\/script>\n","description":"Der Fall Cornelius Gurlitt steht wie kein anderer f\u00fcr das problematische Verh\u00e4ltnis zwischen Rechtsstadt auf der einen und Justiz und Politik auf der anderen Seite. Die unr\u00fchmliche Rolle beider letztgenannten zeigt einmal mehr der \u201eAbschlussbericht\u201c der &#8222;Taskforce Schwabinger Kunstfund&#8220;, der &hellip; Weiterlesen &rarr;"}

Der Fall Cornelius Gurlitt steht wie kein anderer für das problematische Verhältnis zwischen Rechtsstadt auf der einen und Justiz und Politik auf der anderen Seite. Die unrühmliche Rolle beider letztgenannten zeigt einmal mehr der „Abschlussbericht“ der &#8222;Taskforce Schwabinger Kunstfund&#8220;, der &hellip; Weiterlesen &rarr;
