{"id":29,"date":"2014-12-07T10:51:48","date_gmt":"2014-12-07T08:51:48","guid":{"rendered":"http:\/\/www.inkultura-online.de\/politisch_unkorrekt\/?page_id=29"},"modified":"2018-05-27T19:23:33","modified_gmt":"2018-05-27T17:23:33","slug":"warum-zeitgeistfrei","status":"publish","type":"page","link":"https:\/\/www.inkultura-online.de\/politisch_unkorrekt\/warum-zeitgeistfrei\/","title":{"rendered":"Warum Zeitgeist?Frei!"},"content":{"rendered":"<div class=\"entry-content\">\n<p>Der Staat ist unter die R\u00e4uber gefallen. Parteien und Politiker, die eigentlich den Willen des Volkes, des einzig legitimen Souver\u00e4ns vertreten sollen, haben den Staat und damit die Gemeinschaft der B\u00fcrger in Geiselhaft genommen. Abgehoben von der gesellschaftlichen Realit\u00e4t leben sie in einem Paralleluniversum und ihr Credo lautet \u201cWir allein sind der Staat\u201d.<\/p>\n<p>Gut alimentiert von den Steuergeldern seiner B\u00fcrger macht sich das <em>kalte Ungeheuer Staat<\/em> (Friedrich Nietzsche) daran, die B\u00fcrger mehr und mehr als dumme, einf\u00e4ltige und sich gegen\u00fcber den Segnungen von oben als verstockt gebende Masse zu betrachten. L\u00e4ngst z\u00e4hlt nicht mehr der politische Wille der Mehrheit, sondern der von kleinen, gut vernetzten und sich lautstark artikulierenden Minderheiten.<\/p>\n<p>Die Dinge, die einst aus guten Gr\u00fcnden als richtig betrachtet wurden, sind inzwischen in ihr Gegenteil verkehrt worden. B\u00fcrgerliche Freiheit, Familie, politische Selbstbestimmung und Kritik sind den Herrschenden inzwischen suspekt geworden und der m\u00fcndige B\u00fcrger unter Generalverdacht gestellt.<\/p>\n<p>Aus diesem Grund hab ich mich entschlossen, den Politbetrieb kritisch zu beobachten und zu kommentieren. Da die Politkaste nichts so sehr f\u00fcrchtet wie Kritik, die mit Spott und Hohn einhergeht, bleibt derzeit einem kritischen Beobachter des politischen Zeitgeistes keine andere M\u00f6glichkeit, als diese Kritik immer wieder und unverzagt in den \u00f6ffentlichen Raum des Internets zu stellen.<\/p>\n<p>Der Zeitgeist, diese fatale Kombination von Arroganz, Ignoranz und Dummheit, hat von den herrschenden Eliten Besitz ergriffen und wird von ihnen als alternativlose politische Avantgarde dargestellt, die in der politischen Korrektheit ihr endg\u00fcltiges, immer w\u00e4hrendes Ziel erreicht hat.<\/p>\n<p>Kritik dagegen verstehen diese, sich selbst zum Ma\u00dfstab gesellschaftlicher Werte erhobenen Zirkel inzwischen als Majest\u00e4tsbeleidigung. Schlimmer noch, da deren Mantra mittlerweile sogar religi\u00f6se Z\u00fcge angenommen hat, erh\u00e4lt Kritik an diesem Modell, das die Gesellschaft sowohl gravierend ver\u00e4ndert als auch zersetzt, den Status der Ketzerei.<\/p>\n<p>Wer sich dagegen nicht wehrt, der lebt ganz gewiss verkehrt.<\/p>\n<p>Dabei treibt mich eine Frage ganz besonders an: Kann man dieses System von innen heraus \u00fcberhaupt noch ver\u00e4ndern oder sind die Strukturen der Macht und der davon profitierenden Cliquen derma\u00dfen unangreifbar geworden, dass die Stunde einer au\u00dferparlamentarischen Opposition gekommen ist?<\/p>\n<p>Friedrich Nietzsche \u00fcber das <em>kalte Ungeheuer Staat. <\/em><\/p>\n<blockquote><p>Irgendwo gibt es noch V\u00f6lker und Herden, doch nicht bei uns, meine Br\u00fcder: da gibt es Staaten.<\/p>\n<p>Staat? Was ist das? Wohlan! Jetzt tut mir die Ohren auf, denn jetzt sage ich euch mein Wort vom Tode der V\u00f6lker.<\/p>\n<p>Staat hei\u00dft das k\u00e4lteste aller kalten Ungeheuer. Kalt l\u00fcgt es auch; und diese L\u00fcge kriecht aus seinem Munde: \u00bbIch, der Staat, bin das Volk.\u00ab<\/p>\n<p>L\u00fcge ist\u2019s! Schaffende waren es, die schufen die V\u00f6lker und h\u00e4ngten einen Glauben und eine Liebe \u00fcber sie hin: also dienten sie dem Leben.<\/p>\n<p>Vernichter sind es, die stellen Fallen auf f\u00fcr viele und hei\u00dfen sie Staat: sie h\u00e4ngen ein Schwert und hundert Begierden \u00fcber sie hin.<\/p>\n<p>Wo es noch Volk gibt, da versteht es den Staat nicht und ha\u00dft ihn als b\u00f6sen Blick und S\u00fcnde an Sitten und Rechten.<\/p>\n<p>Dieses Zeichen gebe ich euch: jedes Volk spricht seine Zunge des Guten und B\u00f6sen: die versteht der Nachbar nicht. Seine Sprache erfand es sich in Sitten und Rechten.<\/p>\n<p>Aber der Staat l\u00fcgt in allen Zungen der Guten und B\u00f6sen; und was er auch redet, er l\u00fcgt \u2013 und was er auch hat, gestohlen hat er\u2019s.<\/p>\n<p>Falsch ist alles an ihm; mit gestohlenen Z\u00e4hnen bei\u00dft er, der Bissige. Falsch sind selbst seine Eingeweide.<\/p>\n<p>Sprachverwirrung des Guten und B\u00f6sen: dieses Zeichen gebe ich euch als Zeichen des Staates. Wahrlich, den Willen zum Tode deutet dieses Zeichen! Wahrlich, es winkt den Predigern des Todes!<\/p>\n<p>Viel zu viele werden geboren: f\u00fcr die \u00dcberfl\u00fcssigen ward der Staat erfunden!<\/p>\n<p>Seht mir doch, wie er sie an sich lockt, die Viel-zu-Vielen! Wie er sie schlingt und kaut und wiederk\u00e4ut!<\/p>\n<p>\u00bbAuf der Erde ist nichts Gr\u00f6\u00dferes als ich: der ordnende Finger bin ich Gottes\u00ab \u2013 also br\u00fcllt das Untier. Und nicht nur Langgeohrte und Kurzge\u00e4ugte sinken auf die Knie!<\/p>\n<p>Ach, auch in euch, ihr gro\u00dfen Seelen, raunt er seine d\u00fcsteren L\u00fcgen! Ach, er err\u00e4t die reichen Herzen, die gerne sich verschwenden!<\/p>\n<p>Ja, auch euch err\u00e4t er, ihr Besieger des alten Gottes! M\u00fcde wurdet ihr im Kampfe, und nun dient eure M\u00fcdigkeit noch dem neuen G\u00f6tzen!<\/p>\n<p>Helden und Ehrenhafte m\u00f6chte er um sich aufstellen, der neue G\u00f6tze! Gerne sonnt er sich im Sonnenschein guter Gewissen \u2013 das kalte Untier!<\/p>\n<p>Alles will er euch geben, wenn ihr ihn anbetet, der neue G\u00f6tze: also kauft er sich den Glanz eurer Tugenden und den Blick eurer stolzen Augen.<\/p>\n<p>K\u00f6dern will er mit euch die Viel-zu Vielen! Ja, ein H\u00f6llenkunstst\u00fcck ward da erfunden, ein Pferd des Todes, klirrend im Putz g\u00f6ttlicher Ehren!<\/p>\n<p>Ja, ein Sterben f\u00fcr viele ward da erfunden, das sich selber als Leben preist: wahrlich, ein Herzensdienst allen Predigern des Todes!<\/p>\n<p>Staat nenne ich\u2019s, wo alle Gifttrinker sind, Gute und Schlimme: Staat, wo alle sich selber verlieren, Gute und Schlimme: Staat, wo der langsame Selbstmord aller \u2013 \u00bbdas Leben\u00ab hei\u00dft.<\/p>\n<p>Seht mir doch diese \u00dcberfl\u00fcssigen! Sie stehlen sich die Werke der Erfinder und die Sch\u00e4tze der Weisen: Bildung nennen sie ihren Diebstahl \u2013 und alles wird ihnen zu Krankheit und Ungemach!<\/p>\n<p>Seht mir doch diese \u00dcberfl\u00fcssigen! Krank sind sie immer, sie erbrechen ihre Galle und nennen es Zeitung. Sie verschlingen einander und k\u00f6nnen sich nicht einmal verdauen.<\/p>\n<p>Seht mir doch diese \u00dcberfl\u00fcssigen! Reicht\u00fcmer erwerben sie und werden \u00e4rmer damit. Macht wollen sie und zuerst das Brecheisen der Macht, viel Geld \u2013 diese Unverm\u00f6genden!<\/p>\n<p>Seht sie klettern, diese geschwinden Affen! Sie klettern \u00fcbereinander hinweg und zerren sich also in den Schlamm und die Tiefe.<\/p>\n<p>Hin zum Throne wollen sie alle: ihr Wahnsinn ist es \u2013 als ob das Gl\u00fcck auf dem Throne s\u00e4\u00dfe! Oft sitzt der Schlamm auf dem Thron -und oft auch der Thron auf dem Schlamme.<\/p>\n<p>Wahnsinnige sind sie mir alle und kletternde Affen und \u00dcberhei\u00dfe. \u00dcbel riecht mir ihr G\u00f6tze, das kalte Untier: \u00fcbel riechen sie mir alle zusammen, diese G\u00f6tzendiener.<\/p>\n<p>Meine Br\u00fcder, wollt ihr denn ersticken im Dunste ihrer M\u00e4uler und Begierden? Lieber zerbrecht doch die Fenster und springt ins Freie!<\/p>\n<p>Geht doch dem schlechten Geruche aus dem Wege! Geht fort von der G\u00f6tzendienerei der \u00dcberfl\u00fcssigen!<\/p>\n<p>Geht doch dem schlechten Geruche aus dem Wege! Geht fort von dem Dampfe dieser Menschenopfer!<\/p>\n<p>Frei steht gro\u00dfen Seelen auch jetzt noch die Erde. Leer sind noch viele Sitze f\u00fcr Einsame und Zweisame, um die der Geruch stiller Meere weht.<\/p>\n<p>Frei steht noch gro\u00dfen Seelen ein freies Leben. Wahrlich, wer wenig besitzt, wird um so weniger besessen: gelobt sei die kleine Armut!<\/p>\n<p>Dort, wo der Staat aufh\u00f6rt, da beginnt erst der Mensch, der nicht \u00fcberfl\u00fcssig ist: da beginnt das Lied des Notwendigen, die einmalige und unersetzliche Weise.<\/p>\n<p>Dort, wo der Staat aufh\u00f6rt \u2013 so seht mir doch hin, meine Br\u00fcder! Seht ihr ihn nicht, den Regenbogen und die Br\u00fccken des \u00dcbermenschen? \u2013<\/p><\/blockquote>\n<\/div>\n","protected":false},"excerpt":{"rendered":"<p>Der Staat ist unter die R\u00e4uber gefallen. Parteien und Politiker, die eigentlich den Willen des Volkes, des einzig legitimen Souver\u00e4ns vertreten sollen, haben den Staat und damit die Gemeinschaft der B\u00fcrger in Geiselhaft genommen. Abgehoben von der gesellschaftlichen Realit\u00e4t leben &hellip; <a href=\"https:\/\/www.inkultura-online.de\/politisch_unkorrekt\/warum-zeitgeistfrei\/\">Weiterlesen <span class=\"meta-nav\">&rarr;<\/span><\/a><\/p>\n","protected":false},"author":1,"featured_media":0,"parent":0,"menu_order":1,"comment_status":"closed","ping_status":"closed","template":"","meta":{"footnotes":""},"class_list":["post-29","page","type-page","status-publish","hentry"],"yoast_head":"<!-- This site is optimized with the Yoast SEO plugin v27.4 - https:\/\/yoast.com\/product\/yoast-seo-wordpress\/ -->\n<title>Warum Zeitgeist?Frei! - Zeitgeist? Frei!<\/title>\n<meta name=\"robots\" content=\"index, follow, max-snippet:-1, max-image-preview:large, max-video-preview:-1\" \/>\n<link rel=\"canonical\" href=\"https:\/\/www.inkultura-online.de\/politisch_unkorrekt\/warum-zeitgeistfrei\/\" \/>\n<meta property=\"og:locale\" content=\"de_DE\" \/>\n<meta property=\"og:type\" content=\"article\" \/>\n<meta property=\"og:title\" content=\"Warum Zeitgeist?Frei! - Zeitgeist? Frei!\" \/>\n<meta property=\"og:description\" content=\"Der Staat ist unter die R\u00e4uber gefallen. Parteien und Politiker, die eigentlich den Willen des Volkes, des einzig legitimen Souver\u00e4ns vertreten sollen, haben den Staat und damit die Gemeinschaft der B\u00fcrger in Geiselhaft genommen. Abgehoben von der gesellschaftlichen Realit\u00e4t leben &hellip; Weiterlesen &rarr;\" \/>\n<meta property=\"og:url\" content=\"https:\/\/www.inkultura-online.de\/politisch_unkorrekt\/warum-zeitgeistfrei\/\" \/>\n<meta property=\"og:site_name\" content=\"Zeitgeist? Frei!\" \/>\n<meta property=\"article:modified_time\" content=\"2018-05-27T17:23:33+00:00\" \/>\n<meta name=\"twitter:label1\" content=\"Gesch\u00e4tzte Lesezeit\" \/>\n\t<meta name=\"twitter:data1\" content=\"6\u00a0Minuten\" \/>\n<script type=\"application\/ld+json\" class=\"yoast-schema-graph\">{\"@context\":\"https:\\\/\\\/schema.org\",\"@graph\":[{\"@type\":\"WebPage\",\"@id\":\"https:\\\/\\\/www.inkultura-online.de\\\/politisch_unkorrekt\\\/warum-zeitgeistfrei\\\/\",\"url\":\"https:\\\/\\\/www.inkultura-online.de\\\/politisch_unkorrekt\\\/warum-zeitgeistfrei\\\/\",\"name\":\"Warum Zeitgeist?Frei! - Zeitgeist? Frei!\",\"isPartOf\":{\"@id\":\"https:\\\/\\\/www.inkultura-online.de\\\/politisch_unkorrekt\\\/#website\"},\"datePublished\":\"2014-12-07T08:51:48+00:00\",\"dateModified\":\"2018-05-27T17:23:33+00:00\",\"breadcrumb\":{\"@id\":\"https:\\\/\\\/www.inkultura-online.de\\\/politisch_unkorrekt\\\/warum-zeitgeistfrei\\\/#breadcrumb\"},\"inLanguage\":\"de\",\"potentialAction\":[{\"@type\":\"ReadAction\",\"target\":[\"https:\\\/\\\/www.inkultura-online.de\\\/politisch_unkorrekt\\\/warum-zeitgeistfrei\\\/\"]}]},{\"@type\":\"BreadcrumbList\",\"@id\":\"https:\\\/\\\/www.inkultura-online.de\\\/politisch_unkorrekt\\\/warum-zeitgeistfrei\\\/#breadcrumb\",\"itemListElement\":[{\"@type\":\"ListItem\",\"position\":1,\"name\":\"Home\",\"item\":\"https:\\\/\\\/www.inkultura-online.de\\\/politisch_unkorrekt\\\/\"},{\"@type\":\"ListItem\",\"position\":2,\"name\":\"Warum Zeitgeist?Frei!\"}]},{\"@type\":\"WebSite\",\"@id\":\"https:\\\/\\\/www.inkultura-online.de\\\/politisch_unkorrekt\\\/#website\",\"url\":\"https:\\\/\\\/www.inkultura-online.de\\\/politisch_unkorrekt\\\/\",\"name\":\"Zeitgeist? Frei!\",\"description\":\"Was Ihr den Geist der Zeiten hei\u00dft...\",\"publisher\":{\"@id\":\"https:\\\/\\\/www.inkultura-online.de\\\/politisch_unkorrekt\\\/#\\\/schema\\\/person\\\/5b30b80e385478896a1de221e1994d86\"},\"potentialAction\":[{\"@type\":\"SearchAction\",\"target\":{\"@type\":\"EntryPoint\",\"urlTemplate\":\"https:\\\/\\\/www.inkultura-online.de\\\/politisch_unkorrekt\\\/?s={search_term_string}\"},\"query-input\":{\"@type\":\"PropertyValueSpecification\",\"valueRequired\":true,\"valueName\":\"search_term_string\"}}],\"inLanguage\":\"de\"},{\"@type\":[\"Person\",\"Organization\"],\"@id\":\"https:\\\/\\\/www.inkultura-online.de\\\/politisch_unkorrekt\\\/#\\\/schema\\\/person\\\/5b30b80e385478896a1de221e1994d86\",\"name\":\"Orator\",\"image\":{\"@type\":\"ImageObject\",\"inLanguage\":\"de\",\"@id\":\"https:\\\/\\\/secure.gravatar.com\\\/avatar\\\/96e03166d31716e9c437060430eb7605c45a8ce6fb6dab483637ca6915dd0844?s=96&d=mm&r=g\",\"url\":\"https:\\\/\\\/secure.gravatar.com\\\/avatar\\\/96e03166d31716e9c437060430eb7605c45a8ce6fb6dab483637ca6915dd0844?s=96&d=mm&r=g\",\"contentUrl\":\"https:\\\/\\\/secure.gravatar.com\\\/avatar\\\/96e03166d31716e9c437060430eb7605c45a8ce6fb6dab483637ca6915dd0844?s=96&d=mm&r=g\",\"caption\":\"Orator\"},\"logo\":{\"@id\":\"https:\\\/\\\/secure.gravatar.com\\\/avatar\\\/96e03166d31716e9c437060430eb7605c45a8ce6fb6dab483637ca6915dd0844?s=96&d=mm&r=g\"}}]}<\/script>\n<!-- \/ Yoast SEO plugin. -->","yoast_head_json":{"title":"Warum Zeitgeist?Frei! - Zeitgeist? Frei!","robots":{"index":"index","follow":"follow","max-snippet":"max-snippet:-1","max-image-preview":"max-image-preview:large","max-video-preview":"max-video-preview:-1"},"canonical":"https:\/\/www.inkultura-online.de\/politisch_unkorrekt\/warum-zeitgeistfrei\/","og_locale":"de_DE","og_type":"article","og_title":"Warum Zeitgeist?Frei! - Zeitgeist? Frei!","og_description":"Der Staat ist unter die R\u00e4uber gefallen. Parteien und Politiker, die eigentlich den Willen des Volkes, des einzig legitimen Souver\u00e4ns vertreten sollen, haben den Staat und damit die Gemeinschaft der B\u00fcrger in Geiselhaft genommen. Abgehoben von der gesellschaftlichen Realit\u00e4t leben &hellip; Weiterlesen &rarr;","og_url":"https:\/\/www.inkultura-online.de\/politisch_unkorrekt\/warum-zeitgeistfrei\/","og_site_name":"Zeitgeist? Frei!","article_modified_time":"2018-05-27T17:23:33+00:00","twitter_misc":{"Gesch\u00e4tzte Lesezeit":"6\u00a0Minuten"},"schema":{"@context":"https:\/\/schema.org","@graph":[{"@type":"WebPage","@id":"https:\/\/www.inkultura-online.de\/politisch_unkorrekt\/warum-zeitgeistfrei\/","url":"https:\/\/www.inkultura-online.de\/politisch_unkorrekt\/warum-zeitgeistfrei\/","name":"Warum Zeitgeist?Frei! - Zeitgeist? Frei!","isPartOf":{"@id":"https:\/\/www.inkultura-online.de\/politisch_unkorrekt\/#website"},"datePublished":"2014-12-07T08:51:48+00:00","dateModified":"2018-05-27T17:23:33+00:00","breadcrumb":{"@id":"https:\/\/www.inkultura-online.de\/politisch_unkorrekt\/warum-zeitgeistfrei\/#breadcrumb"},"inLanguage":"de","potentialAction":[{"@type":"ReadAction","target":["https:\/\/www.inkultura-online.de\/politisch_unkorrekt\/warum-zeitgeistfrei\/"]}]},{"@type":"BreadcrumbList","@id":"https:\/\/www.inkultura-online.de\/politisch_unkorrekt\/warum-zeitgeistfrei\/#breadcrumb","itemListElement":[{"@type":"ListItem","position":1,"name":"Home","item":"https:\/\/www.inkultura-online.de\/politisch_unkorrekt\/"},{"@type":"ListItem","position":2,"name":"Warum Zeitgeist?Frei!"}]},{"@type":"WebSite","@id":"https:\/\/www.inkultura-online.de\/politisch_unkorrekt\/#website","url":"https:\/\/www.inkultura-online.de\/politisch_unkorrekt\/","name":"Zeitgeist? Frei!","description":"Was Ihr den Geist der Zeiten hei\u00dft...","publisher":{"@id":"https:\/\/www.inkultura-online.de\/politisch_unkorrekt\/#\/schema\/person\/5b30b80e385478896a1de221e1994d86"},"potentialAction":[{"@type":"SearchAction","target":{"@type":"EntryPoint","urlTemplate":"https:\/\/www.inkultura-online.de\/politisch_unkorrekt\/?s={search_term_string}"},"query-input":{"@type":"PropertyValueSpecification","valueRequired":true,"valueName":"search_term_string"}}],"inLanguage":"de"},{"@type":["Person","Organization"],"@id":"https:\/\/www.inkultura-online.de\/politisch_unkorrekt\/#\/schema\/person\/5b30b80e385478896a1de221e1994d86","name":"Orator","image":{"@type":"ImageObject","inLanguage":"de","@id":"https:\/\/secure.gravatar.com\/avatar\/96e03166d31716e9c437060430eb7605c45a8ce6fb6dab483637ca6915dd0844?s=96&d=mm&r=g","url":"https:\/\/secure.gravatar.com\/avatar\/96e03166d31716e9c437060430eb7605c45a8ce6fb6dab483637ca6915dd0844?s=96&d=mm&r=g","contentUrl":"https:\/\/secure.gravatar.com\/avatar\/96e03166d31716e9c437060430eb7605c45a8ce6fb6dab483637ca6915dd0844?s=96&d=mm&r=g","caption":"Orator"},"logo":{"@id":"https:\/\/secure.gravatar.com\/avatar\/96e03166d31716e9c437060430eb7605c45a8ce6fb6dab483637ca6915dd0844?s=96&d=mm&r=g"}}]}},"_links":{"self":[{"href":"https:\/\/www.inkultura-online.de\/politisch_unkorrekt\/wp-json\/wp\/v2\/pages\/29","targetHints":{"allow":["GET"]}}],"collection":[{"href":"https:\/\/www.inkultura-online.de\/politisch_unkorrekt\/wp-json\/wp\/v2\/pages"}],"about":[{"href":"https:\/\/www.inkultura-online.de\/politisch_unkorrekt\/wp-json\/wp\/v2\/types\/page"}],"author":[{"embeddable":true,"href":"https:\/\/www.inkultura-online.de\/politisch_unkorrekt\/wp-json\/wp\/v2\/users\/1"}],"replies":[{"embeddable":true,"href":"https:\/\/www.inkultura-online.de\/politisch_unkorrekt\/wp-json\/wp\/v2\/comments?post=29"}],"version-history":[{"count":1,"href":"https:\/\/www.inkultura-online.de\/politisch_unkorrekt\/wp-json\/wp\/v2\/pages\/29\/revisions"}],"predecessor-version":[{"id":30,"href":"https:\/\/www.inkultura-online.de\/politisch_unkorrekt\/wp-json\/wp\/v2\/pages\/29\/revisions\/30"}],"wp:attachment":[{"href":"https:\/\/www.inkultura-online.de\/politisch_unkorrekt\/wp-json\/wp\/v2\/media?parent=29"}],"curies":[{"name":"wp","href":"https:\/\/api.w.org\/{rel}","templated":true}]}}